{"id":5939,"date":"2025-07-27T20:40:59","date_gmt":"2025-07-27T18:40:59","guid":{"rendered":"https:\/\/amis-marbach.org\/wp\/?page_id=5939"},"modified":"2025-11-02T18:20:24","modified_gmt":"2025-11-02T17:20:24","slug":"apprendre-lallemand-a-lisle-adam-2","status":"publish","type":"page","link":"https:\/\/amis-marbach.org\/wp\/apprendre-lallemand-a-lisle-adam-2\/","title":{"rendered":"Nos cours d\u2019allemand"},"content":{"rendered":"\n<h4 class=\"wp-block-heading has-vivid-cyan-blue-color has-text-color has-link-color wp-elements-9ec3b861ba2751d20cae40bd150a77cc\">&nbsp;\/ Unsere Deutschkurse<\/h4>\n\n\n\n<p class=\"has-black-color has-text-color has-link-color has-medium-font-size wp-elements-683a810cb0ca6fa81128594b5b6d32c6\">Dans la ligne du Trait\u00e9 de l\u2019Elys\u00e9e et afin de faciliter les \u00e9changes amicaux avec notre ville jumelle l\u2018Association des amis du jumelage Marbach am Neckar \/ L\u2019Isle-Adam s\u2019attache \u00e0 promouvoir localement la langue allemande.<br \/>D\u2019une part elle maintient un contact r\u00e9gulier avec les \u00e9tablissements scolaires adamois qui offrent l\u2019allemand comme langue vivante 1 et 2 et, pour certains, une section europ\u00e9enne allemand.<br \/>D\u2019autre part elle propose des cours d\u2019allemand assur\u00e9s par des professeurs confirm\u00e9s selon les modalit\u00e9s suivantes\u00a0:<\/p>\n\n\n\n<h2 class=\"wp-block-heading\"><figure><a href=\"https:\/\/amis-marbach.org\/wp\/presentation-de-l-association\/favicon\/\" rel=\"attachment wp-att-1670\"><img loading=\"lazy\" decoding=\"async\" class=\"alignleft size-full wp-image-1670\" src=\"https:\/\/amis-marbach.org\/wp\/wp-content\/uploads\/favicon.jpg\" alt=\"favicon\" width=\"32\" height=\"32\"\/><\/a><\/figure><\/h2>\n\n\n\n<h4 class=\"wp-block-heading has-vivid-cyan-blue-color has-text-color has-link-color wp-elements-afa16b5fbea10e66bcb32b12781bc071\">Les conditions<\/h4>\n\n\n\n<p class=\"has-black-color has-text-color has-link-color has-medium-font-size wp-elements-1da5be92235797abcd8c486451fda01b\">Pour participer \u00e0 nos cours il suffit d\u2019<a href=\"https:\/\/amis-marbach.org\/wp\/adherer-nous-contacter\/\">\u00eatre adh\u00e9rent \u00e0 l\u2019Association<\/a>, la cotisation annuelle \u00e9tant valable pour un foyer.<br \/>Les cours ont lieu en p\u00e9riode scolaire.<\/p>\n\n\n\n<h2 class=\"wp-block-heading\"><figure><a href=\"https:\/\/amis-marbach.org\/wp\/presentation-de-l-association\/favicon\/\" rel=\"attachment wp-att-1670\"><img loading=\"lazy\" decoding=\"async\" class=\"alignleft size-full wp-image-1670\" src=\"https:\/\/amis-marbach.org\/wp\/wp-content\/uploads\/favicon.jpg\" alt=\"favicon\" width=\"32\" height=\"32\"\/><\/a><\/figure><\/h2>\n\n\n\n<h4 class=\"wp-block-heading has-vivid-cyan-blue-color has-text-color has-link-color wp-elements-c543dbe2b588a10158c5eb7953e3fc59\">Les horaires<\/h4>\n\n\n\n<p class=\"has-black-color has-text-color has-link-color has-medium-font-size wp-elements-59fceea4eb72773eb3a3d862769169ab\">Les cours d\u2019allemand de l\u2019Association se d\u00e9roulent \u00e0 la Maison de la Faisanderie, Avenue Paul Thoureau<\/p>\n\n\n\n<p class=\"has-black-color has-text-color has-link-color has-medium-font-size wp-elements-8da4ea2101e40a69b8542e3e9e460931\"><strong>le jeudi \u00e0 20 heures &nbsp;&nbsp;&nbsp;&nbsp;&nbsp;&nbsp;&nbsp;&nbsp;&nbsp;&nbsp; <\/strong>(tous les quinze jours)<\/p>\n\n\n\n<p class=\"has-black-color has-text-color has-link-color has-medium-font-size wp-elements-957abc7d41786f95147afb870a88a6e6\"><strong>le samedi \u00e0 9 heures&nbsp;&nbsp;&nbsp;&nbsp;&nbsp;&nbsp;&nbsp;&nbsp;&nbsp; <\/strong>(toutes les semaines).<\/p>\n\n\n\n<h2 class=\"wp-block-heading\"><figure><a href=\"https:\/\/amis-marbach.org\/wp\/presentation-de-l-association\/favicon\/\" rel=\"attachment wp-att-1670\"><img loading=\"lazy\" decoding=\"async\" class=\"alignleft size-full wp-image-1670\" src=\"https:\/\/amis-marbach.org\/wp\/wp-content\/uploads\/favicon.jpg\" alt=\"favicon\" width=\"32\" height=\"32\"\/><\/a><\/figure><\/h2>\n\n\n\n<h4 class=\"wp-block-heading has-vivid-cyan-blue-color has-text-color has-link-color wp-elements-73924f3d790abee28cef01673ff92756\">Les contenus et les modalit\u00e9s<\/h4>\n\n\n\n<p class=\"has-black-color has-text-color has-link-color has-medium-font-size wp-elements-bdef1fa7e67c0e2c817ed2a6b012a02a\">Anim\u00e9 par Heike Bacos et Isabel Delais, notre pr\u00e9sidente, le cours du jeudi soir est un atelier de conversation allemande. Tout en insistant sur des faits de langue fondamentaux, il fait appel au v\u00e9cu des participants et s\u2019appuie sur des lectures cursives d\u2019ouvrages allemands munis de CD. En outre, conform\u00e9ment \u00e0 la p\u00e9dagogie en vigueur, ce cours multiplie les occasions de dialogues.<br \/>Conduit par Fabienne Chaudonneret, le cours du samedi matin s\u2019attache \u00e0 l\u2019apprentissage syst\u00e9matique de la langue allemande. Tout en suivant la progression p\u00e9dagogique d\u2019un manuel pourvu de CD, il propose des documents originaux \u00e9labor\u00e9s \u00e0 partir de l\u2019actualit\u00e9 et de la culture des pays de langue allemande.<br \/>Par ailleurs, chaque fois que l\u2019occasion se pr\u00e9sente, les animatrices des deux cours ont \u00e0 c\u0153ur d\u2019accueillir des h\u00f4tes germanophones.<br \/>On le voit, tant par les horaires que par les contenus, les deux cours d\u2019allemand propos\u00e9s par l\u2019Association des amis du jumelage se compl\u00e8tent et peuvent donc \u00eatre suivis conjointement avec profit.<br \/>Que ce soit pour s\u2019initier ou perfectionner leurs connaissances, par int\u00e9r\u00eat pour la culture de langue allemande ou par d\u00e9sir de communiquer, les motivations des participants \u00e0 nos cours sont aussi vari\u00e9es que les sujets qu\u2019on y aborde. Mais un des premiers mots qu\u2019ils y apprendront tous, c\u2019est un terme que la langue fran\u00e7aise envie \u00e0 la langue allemande et que notre association s\u2019efforce de mettre en pratique dans toutes ses activit\u00e9s\u00a0:<\/p>\n\n\n\n<p class=\"has-black-color has-text-color has-link-color wp-elements-9ac00cf961d1ea846fe5a532228b76c6\"><\/p>\n\n\n\n<h4 class=\"wp-block-heading has-black-color has-text-color has-link-color has-medium-font-size wp-elements-f5d03c843d7ec414d77a69cfdca7790a\">F\u00eate des germananistes <br \/><strong><em>die Gem\u00fctlichkeit *<\/em> <\/strong><\/h4>\n\n\n<div class=\"wp-block-image\">\n<figure class=\"aligncenter\"><a href=\"https:\/\/amis-marbach.org\/wp\/soiree-des-germanistes-23-juin-2016\/2016-06-23-i-a-la-soiree-des-germanistes-montage-photos\/\" rel=\"attachment wp-att-2117\"><img loading=\"lazy\" decoding=\"async\" width=\"1024\" height=\"768\" src=\"https:\/\/amis-marbach.org\/wp\/wp-content\/uploads\/2016-06-23-I-A-LA-SOIREE-DES-GERMANISTES-Montage-photos-1024x768.jpg\" alt=\"2016 06 23 I A LA SOIREE DES GERMANISTES Montage photos\" class=\"wp-image-2117\" srcset=\"https:\/\/amis-marbach.org\/wp\/wp-content\/uploads\/2016-06-23-I-A-LA-SOIREE-DES-GERMANISTES-Montage-photos-1024x768.jpg 1024w, https:\/\/amis-marbach.org\/wp\/wp-content\/uploads\/2016-06-23-I-A-LA-SOIREE-DES-GERMANISTES-Montage-photos-300x225.jpg 300w, https:\/\/amis-marbach.org\/wp\/wp-content\/uploads\/2016-06-23-I-A-LA-SOIREE-DES-GERMANISTES-Montage-photos-768x576.jpg 768w, https:\/\/amis-marbach.org\/wp\/wp-content\/uploads\/2016-06-23-I-A-LA-SOIREE-DES-GERMANISTES-Montage-photos-200x150.jpg 200w, https:\/\/amis-marbach.org\/wp\/wp-content\/uploads\/2016-06-23-I-A-LA-SOIREE-DES-GERMANISTES-Montage-photos-150x113.jpg 150w\" sizes=\"auto, (max-width: 1024px) 100vw, 1024px\" \/><\/a><\/figure>\n<\/div>\n\n\n<p class=\"has-text-align-center has-black-color has-text-color has-link-color wp-elements-bbcb57d47c6b8a91a9f79d451e7006ff\"><em>F\u00eates des germanistes de l\u2019Association (2015-2016)<\/em><\/p>\n\n\n\n<p class=\"has-black-color has-text-color has-link-color wp-elements-cc0b56f614519fd02ed11f932aec4197\"><em>*Die Gem\u00fctlichkeit<\/em>, ici&nbsp;: la convivialit\u00e9<\/p>\n\n\n\n<p>&nbsp;<\/p>\n\n\n\n<hr class=\"wp-block-separator has-alpha-channel-opacity\"\/>\n\n\n\n<p class=\"has-black-color has-text-color has-link-color has-medium-font-size wp-elements-11c9a54d39fb9cfa5a948cbc30a1aeb4\" style=\"text-decoration:underline\"><a href=\"https:\/\/amis-marbach.org\/wp-albums\/11_a2022\/index.htm\">Voir les photos des cours 2021-2022<\/a><\/p>\n\n\n\n<hr class=\"wp-block-separator has-alpha-channel-opacity\"\/>\n\n\n\n<p class=\"has-black-color has-text-color has-link-color has-medium-font-size wp-elements-4308b7cb61a426a7e4fd14b2a7032e1a\" style=\"text-decoration:underline\"><a href=\"https:\/\/amis-marbach.org\/wp\/apprendre-lallemand-a-lisle-adam-2\/apprendre-lallemand-sur-internet\/\">Autres formules d&rsquo;apprentissages d&rsquo;allemand<\/a><\/p>\n\n\n\n<p class=\"has-black-color has-text-color has-link-color has-medium-font-size wp-elements-3bdb86aea5783dd1a347eb55cde4f39e\" style=\"text-decoration:underline\"><a href=\"https:\/\/amis-marbach.org\/wp\/textes-bilingues\/\">Textes bilangues<\/a><\/p>\n\n\n\n<p class=\"has-black-color has-text-color has-link-color has-medium-font-size wp-elements-994918d01b640140a04d830fc8943c1a\" style=\"text-decoration:underline\"><a href=\"https:\/\/amis-marbach.org\/wp\/textes-videos-jeux\/\">Textes, vid\u00e9os, jeux,&#8230;<\/a><\/p>\n\n\n\n<p class=\"has-black-color has-text-color has-link-color has-medium-font-size wp-elements-47cbfb897cd20aca9494ca4454071c14\" style=\"text-decoration:underline\"><a href=\"https:\/\/amis-marbach.org\/wp\/solutions-des-mots-croises\/\">Mots crois\u00e9s et solutions<\/a><\/p>\n","protected":false},"excerpt":{"rendered":"<p>&nbsp;\/ Unsere Deutschkurse Dans la ligne du Trait\u00e9 de l\u2019Elys\u00e9e et afin de faciliter les \u00e9changes amicaux avec notre ville jumelle l\u2018Association des amis du jumelage Marbach am Neckar \/ L\u2019Isle-Adam s\u2019attache \u00e0 promouvoir localement la langue allemande.D\u2019une part elle maintient un contact r\u00e9gulier avec les \u00e9tablissements scolaires adamois qui \u2026 <a class=\"continue-reading-link\" href=\"https:\/\/amis-marbach.org\/wp\/apprendre-lallemand-a-lisle-adam-2\/\"> Lire la suite <span class=\"meta-nav\">&rarr; <\/span><\/a><\/p>\n","protected":false},"author":1,"featured_media":0,"parent":0,"menu_order":0,"comment_status":"closed","ping_status":"closed","template":"","meta":{"ngg_post_thumbnail":0,"footnotes":""},"class_list":["post-5939","page","type-page","status-publish","hentry"],"_links":{"self":[{"href":"https:\/\/amis-marbach.org\/wp\/wp-json\/wp\/v2\/pages\/5939","targetHints":{"allow":["GET"]}}],"collection":[{"href":"https:\/\/amis-marbach.org\/wp\/wp-json\/wp\/v2\/pages"}],"about":[{"href":"https:\/\/amis-marbach.org\/wp\/wp-json\/wp\/v2\/types\/page"}],"author":[{"embeddable":true,"href":"https:\/\/amis-marbach.org\/wp\/wp-json\/wp\/v2\/users\/1"}],"replies":[{"embeddable":true,"href":"https:\/\/amis-marbach.org\/wp\/wp-json\/wp\/v2\/comments?post=5939"}],"version-history":[{"count":16,"href":"https:\/\/amis-marbach.org\/wp\/wp-json\/wp\/v2\/pages\/5939\/revisions"}],"predecessor-version":[{"id":6185,"href":"https:\/\/amis-marbach.org\/wp\/wp-json\/wp\/v2\/pages\/5939\/revisions\/6185"}],"wp:attachment":[{"href":"https:\/\/amis-marbach.org\/wp\/wp-json\/wp\/v2\/media?parent=5939"}],"curies":[{"name":"wp","href":"https:\/\/api.w.org\/{rel}","templated":true}]}}

<h4 class="wp-block-heading has-vivid-cyan-blue-color has-text-color has-link-color wp-elements-9ec3b861ba2751d20cae40bd150a77cc">&nbsp;/ Unsere Deutschkurse</h4>



<p class="has-black-color has-text-color has-link-color has-medium-font-size wp-elements-683a810cb0ca6fa81128594b5b6d32c6">Dans la ligne du Traité de l’Elysée et afin de faciliter les échanges amicaux avec notre ville jumelle l‘Association des amis du jumelage Marbach am Neckar / L’Isle-Adam s’attache à promouvoir localement la langue allemande.<br />D’une part elle maintient un contact régulier avec les établissements scolaires adamois qui offrent l’allemand comme langue vivante 1 et 2 et, pour certains, une section européenne allemand.<br />D’autre part elle propose des cours d’allemand assurés par des professeurs confirmés selon les modalités suivantes :</p>



<h2 class="wp-block-heading"><figure><a href="https://amis-marbach.org/wp/presentation-de-l-association/favicon/" rel="attachment wp-att-1670"><img loading="lazy" decoding="async" class="alignleft size-full wp-image-1670" src="https://amis-marbach.org/wp/wp-content/uploads/favicon.jpg" alt="favicon" width="32" height="32"/></a></figure></h2>



<h4 class="wp-block-heading has-vivid-cyan-blue-color has-text-color has-link-color wp-elements-afa16b5fbea10e66bcb32b12781bc071">Les conditions</h4>



<p class="has-black-color has-text-color has-link-color has-medium-font-size wp-elements-1da5be92235797abcd8c486451fda01b">Pour participer à nos cours il suffit d’<a href="https://amis-marbach.org/wp/adherer-nous-contacter/">être adhérent à l’Association</a>, la cotisation annuelle étant valable pour un foyer.<br />Les cours ont lieu en période scolaire.</p>



<h2 class="wp-block-heading"><figure><a href="https://amis-marbach.org/wp/presentation-de-l-association/favicon/" rel="attachment wp-att-1670"><img loading="lazy" decoding="async" class="alignleft size-full wp-image-1670" src="https://amis-marbach.org/wp/wp-content/uploads/favicon.jpg" alt="favicon" width="32" height="32"/></a></figure></h2>



<h4 class="wp-block-heading has-vivid-cyan-blue-color has-text-color has-link-color wp-elements-c543dbe2b588a10158c5eb7953e3fc59">Les horaires</h4>



<p class="has-black-color has-text-color has-link-color has-medium-font-size wp-elements-59fceea4eb72773eb3a3d862769169ab">Les cours d’allemand de l’Association se déroulent à la Maison de la Faisanderie, Avenue Paul Thoureau</p>



<p class="has-black-color has-text-color has-link-color has-medium-font-size wp-elements-8da4ea2101e40a69b8542e3e9e460931"><strong>le jeudi à 20 heures &nbsp;&nbsp;&nbsp;&nbsp;&nbsp;&nbsp;&nbsp;&nbsp;&nbsp;&nbsp; </strong>(tous les quinze jours)</p>



<p class="has-black-color has-text-color has-link-color has-medium-font-size wp-elements-957abc7d41786f95147afb870a88a6e6"><strong>le samedi à 9 heures&nbsp;&nbsp;&nbsp;&nbsp;&nbsp;&nbsp;&nbsp;&nbsp;&nbsp; </strong>(toutes les semaines).</p>



<h2 class="wp-block-heading"><figure><a href="https://amis-marbach.org/wp/presentation-de-l-association/favicon/" rel="attachment wp-att-1670"><img loading="lazy" decoding="async" class="alignleft size-full wp-image-1670" src="https://amis-marbach.org/wp/wp-content/uploads/favicon.jpg" alt="favicon" width="32" height="32"/></a></figure></h2>



<h4 class="wp-block-heading has-vivid-cyan-blue-color has-text-color has-link-color wp-elements-73924f3d790abee28cef01673ff92756">Les contenus et les modalités</h4>



<p class="has-black-color has-text-color has-link-color has-medium-font-size wp-elements-bdef1fa7e67c0e2c817ed2a6b012a02a">Animé par Heike Bacos et Isabel Delais, notre présidente, le cours du jeudi soir est un atelier de conversation allemande. Tout en insistant sur des faits de langue fondamentaux, il fait appel au vécu des participants et s’appuie sur des lectures cursives d’ouvrages allemands munis de CD. En outre, conformément à la pédagogie en vigueur, ce cours multiplie les occasions de dialogues.<br />Conduit par Fabienne Chaudonneret, le cours du samedi matin s’attache à l’apprentissage systématique de la langue allemande. Tout en suivant la progression pédagogique d’un manuel pourvu de CD, il propose des documents originaux élaborés à partir de l’actualité et de la culture des pays de langue allemande.<br />Par ailleurs, chaque fois que l’occasion se présente, les animatrices des deux cours ont à cœur d’accueillir des hôtes germanophones.<br />On le voit, tant par les horaires que par les contenus, les deux cours d’allemand proposés par l’Association des amis du jumelage se complètent et peuvent donc être suivis conjointement avec profit.<br />Que ce soit pour s’initier ou perfectionner leurs connaissances, par intérêt pour la culture de langue allemande ou par désir de communiquer, les motivations des participants à nos cours sont aussi variées que les sujets qu’on y aborde. Mais un des premiers mots qu’ils y apprendront tous, c’est un terme que la langue française envie à la langue allemande et que notre association s’efforce de mettre en pratique dans toutes ses activités :</p>



<p class="has-black-color has-text-color has-link-color wp-elements-9ac00cf961d1ea846fe5a532228b76c6"></p>



<h4 class="wp-block-heading has-black-color has-text-color has-link-color has-medium-font-size wp-elements-f5d03c843d7ec414d77a69cfdca7790a">Fête des germananistes <br /><strong><em>die Gemütlichkeit *</em> </strong></h4>


<div class="wp-block-image">
<figure class="aligncenter"><a href="https://amis-marbach.org/wp/soiree-des-germanistes-23-juin-2016/2016-06-23-i-a-la-soiree-des-germanistes-montage-photos/" rel="attachment wp-att-2117"><img loading="lazy" decoding="async" width="1024" height="768" src="https://amis-marbach.org/wp/wp-content/uploads/2016-06-23-I-A-LA-SOIREE-DES-GERMANISTES-Montage-photos-1024x768.jpg" alt="2016 06 23 I A LA SOIREE DES GERMANISTES Montage photos" class="wp-image-2117" srcset="https://amis-marbach.org/wp/wp-content/uploads/2016-06-23-I-A-LA-SOIREE-DES-GERMANISTES-Montage-photos-1024x768.jpg 1024w, https://amis-marbach.org/wp/wp-content/uploads/2016-06-23-I-A-LA-SOIREE-DES-GERMANISTES-Montage-photos-300x225.jpg 300w, https://amis-marbach.org/wp/wp-content/uploads/2016-06-23-I-A-LA-SOIREE-DES-GERMANISTES-Montage-photos-768x576.jpg 768w, https://amis-marbach.org/wp/wp-content/uploads/2016-06-23-I-A-LA-SOIREE-DES-GERMANISTES-Montage-photos-200x150.jpg 200w, https://amis-marbach.org/wp/wp-content/uploads/2016-06-23-I-A-LA-SOIREE-DES-GERMANISTES-Montage-photos-150x113.jpg 150w" sizes="auto, (max-width: 1024px) 100vw, 1024px" /></a></figure>
</div>


<p class="has-text-align-center has-black-color has-text-color has-link-color wp-elements-bbcb57d47c6b8a91a9f79d451e7006ff"><em>Fêtes des germanistes de l’Association (2015-2016)</em></p>



<p class="has-black-color has-text-color has-link-color wp-elements-cc0b56f614519fd02ed11f932aec4197"><em>*Die Gemütlichkeit</em>, ici&nbsp;: la convivialité</p>



<p>&nbsp;</p>



<hr class="wp-block-separator has-alpha-channel-opacity"/>



<p class="has-black-color has-text-color has-link-color has-medium-font-size wp-elements-11c9a54d39fb9cfa5a948cbc30a1aeb4" style="text-decoration:underline"><a href="https://amis-marbach.org/wp-albums/11_a2022/index.htm">Voir les photos des cours 2021-2022</a></p>



<hr class="wp-block-separator has-alpha-channel-opacity"/>



<p class="has-black-color has-text-color has-link-color has-medium-font-size wp-elements-4308b7cb61a426a7e4fd14b2a7032e1a" style="text-decoration:underline"><a href="https://amis-marbach.org/wp/apprendre-lallemand-a-lisle-adam-2/apprendre-lallemand-sur-internet/">Autres formules d&rsquo;apprentissages d&rsquo;allemand</a></p>



<p class="has-black-color has-text-color has-link-color has-medium-font-size wp-elements-3bdb86aea5783dd1a347eb55cde4f39e" style="text-decoration:underline"><a href="https://amis-marbach.org/wp/textes-bilingues/">Textes bilangues</a></p>



<p class="has-black-color has-text-color has-link-color has-medium-font-size wp-elements-994918d01b640140a04d830fc8943c1a" style="text-decoration:underline"><a href="https://amis-marbach.org/wp/textes-videos-jeux/">Textes, vidéos, jeux,&#8230;</a></p>



<p class="has-black-color has-text-color has-link-color has-medium-font-size wp-elements-47cbfb897cd20aca9494ca4454071c14" style="text-decoration:underline"><a href="https://amis-marbach.org/wp/solutions-des-mots-croises/">Mots croisés et solutions</a></p>

<p>&nbsp;/ Unsere Deutschkurse Dans la ligne du Traité de l’Elysée et afin de faciliter les échanges amicaux avec notre ville jumelle l‘Association des amis du jumelage Marbach am Neckar / L’Isle-Adam s’attache à promouvoir localement la langue allemande.D’une part elle maintient un contact régulier avec les établissements scolaires adamois qui … <a class="continue-reading-link" href="https://amis-marbach.org/wp/apprendre-lallemand-a-lisle-adam-2/"> Lire la suite <span class="meta-nav">&rarr; </span></a></p>
